(-356)/(-10))/((-56)/(-280)) is divided by 70.
38
Suppose 11*o = 6*o + 20. Suppose -o + 0 = -2*f, -5*f = -3*p + 77. What is the remainder when p is divided by 9 + (0 - 3 - -2)?
5
Calculate the remainder when (-3 + -1)/((-296)/9250) is divided by 8.
5
Suppose 2*c + 14 = -32. Let a = 32 + c. What is the remainder when 17 is divided by a?
8
Suppose -b = 4*z + b - 6, 5*z = b - 10. What is the remainder when (4/(-1) - z)*(-536)/24 is divided by 36?
31
Let b(k) = 2*k**2 - 6*k + 113. What is the remainder when b(-14) is divided by 16?
13
Suppose g - 9 = -2*g. Let y be 50 + 0 + -2 - g. Suppose 129 = 3*q + y. Calculate the remainder when 80 is divided by q.
24
Suppose 0 = -13*s + 16*s - 255. Calculate the remainder when 163 is divided by 9*(s/15 - 2).
31
Suppose -5*b = 4*i - 2*i - 35, 3*i - 4*b - 110 = 0. What is the remainder when 95 is divided by ((-1)/(-2))/(i/1920)?
31
Suppose -10*v = -6*v. Suppose 5*y - 25 = 5*g, v = y + 4*y + g - 31. Calculate the remainder when 33 is divided by y.
3
Suppose -4*o = 15 + 1. Let p be (2 + o)/((-4)/8). Suppose -p*y = j - 4 - 15, 2*j = 2*y + 38. What is the remainder when j is divided by 10?
9
Let f(a) = a + 5. Let v be f(-5). Calculate the remainder when (-1 - (-18 - v)) + 1 is divided by 5.
3
Calculate the remainder when 94 is divided by 3*(-6)/117 - (-836)/26.
30
Suppose 2*x - q - 31 = 64, 2*x = -5*q + 125. What is the remainder when x/1 - (-3 - -3) is divided by 17?
16
Let h(c) = 12*c - 16*c - 10 + 4*c + c**2. Let k be h(-7). Let u = 74 - k. Calculate the remainder when u is divided by 18.
17
What is the remainder when 1 - (0 + -1 + -22) is divided by 7/((-42)/(-39))*2?
11
Suppose 2*a - 274 = -5*j, a + 89 = 4*j - 138. Let g(t) = -45*t + 19. What is the remainder when j is divided by g(0)?
18
Let y(a) = a**2 + 2*a. Let i(d) = d**2 + 16*d - 12. Let c be i(-17). Let l = -3 + 12. Calculate the remainder when y(c) is divided by l.
8
Let o(f) = -2*f**2 + 30*f + 34. What is the remainder when 2175 is divided by o(15)?
33
Let c = -8 + 14. Suppose -3*m + c = -6. What is the remainder when m is divided by 3?
1
Let s be (-8)/(-2) + (-13 - -9). Suppose s*z - 40 = -4*z - 4*x, 4*z - 40 = 3*x. Let f(j) = 17*j**2 + 1. What is the remainder when f(1) is divided by z?
8
Suppose v - c = -58, -5*v + 136 = 4*c + 453. Suppose 0 = b + b + 3*n + 311, b + 2*n + 153 = 0. Let q = v - b. Calculate the remainder when q is divided by 35.
32
Let t = 451 + -419. Calculate the remainder when 734 is divided by t.
30
Let a = 22 + -37. What is the remainder when (18/(-4))/(a/30) is divided by 6?
3
Suppose 3*h - 2*y = 59, -5*h - 7*y + 12*y = -100. Let a be 2*2*26/8. Let f = a + -8. Calculate the remainder when h is divided by f.
4
Let x = 31 + -18. Suppose 0 = -a + 6*a - 25. Suppose a*t - 2 - 178 = 0. Calculate the remainder when t is divided by x.
10
Let f = -5 - -9. Suppose 0 = -i + 42 - f. Calculate the remainder when i is divided by -2 - (-4)/(8/30).
12
Suppose 0 = 5*z + 4*m - 31, -5*z + 4*m - 7 = -2*z. Calculate the remainder when 10*-3*4/(-30) is divided by z.
1
Let d be ((0/(-1))/5)/2. Suppose d = -4*m - i + 380, 2*i = -2*m + m + 95. What is the remainder when m is divided by 16?
15
Let o(n) = -12*n + 1. Let b be o(-1). Let t(l) = -l**3 + 13*l**2 - 2*l - 13. Let d be t(b). What is the remainder when (10/(-6))/(1/d) is divided by 17?
14
Suppose 1810 = -2*n - 2*y + 7872, 3*y + 6082 = 2*n. Calculate the remainder when n is divided by 69.
68
Suppose -117 = 2*s - 3*s - 5*t, -5*s + 543 = 4*t. What is the remainder when (s/4 + 0)/(4/16) is divided by (2 - -2)*54/8?
26
Calculate the remainder when (-9)/21 + 6864/91 is divided by 11.
9
Let o be 198/42 - (-2)/7 - 1. Suppose -p = 3*m - o, 22 = -4*p + 2*m + 80. What is the remainder when 31 is divided by p?
5
Suppose -6*o + 35 = o. Suppose o*u + 43 = k, -5*k - u = -2*u - 119. Let g(n) = n**2 - 3. Calculate the remainder when k is divided by g(4).
10
Suppose -5*g - 85 = -5*s, -s - 4*g = -0 + 3. Let v(k) = -131*k + 1446. What is the remainder when s is divided by v(11)?
3
Let a = -1149 + 1210. Calculate the remainder when 548 is divided by a.
60
Let z = 531 - 486. What is the remainder when 83 is divided by z?
38
Let b be 0/((-8)/28 + (-12)/7). Suppose -3*y + 0*p = p - 269, -p - 4 = b. Calculate the remainder when y is divided by 23.
22
What is the remainder when 153 is divided by 23 + -33 - (-30)/1?
13
Suppose -1 = -w, -2*n - 3*w - 7 = -7*n. Let i = 38 + 90. Suppose -4*t + n*a = -3*a - i, 2*a = 4*t - 116. Calculate the remainder when 80 is divided by t.
26
Let u(b) = 8*b - 7. Suppose -93 = -3*g + 3*x, 63 = 4*g - g + 3*x. What is the remainder when g is divided by u(2)?
8
Let r be (-1)/(-4) + 1/(-4). Suppose 2*w + 3*u - 66 = -18, u + 2 = r. What is the remainder when 30 is divided by 303/w - 4/18?
8
Suppose 3*p + z - 57 = 0, -6*p + 3*z = -9*p + 57. Let l = -5 + 3. What is the remainder when p is divided by 2 + -3 - 24/l?
8
Suppose p + 5 = 2*y - 1, 2 = -y - 2*p. Suppose 0*o + 2*o - 14 = -4*t, 0 = y*t + 3*o - 13. What is the remainder when 14 is divided by t?
0
Let f(a) = a**3 + 7*a**2 - 4*a - 9. What is the remainder when f(-5) is divided by 21?
19
Suppose -2*h = -66 - 6. Suppose 0 = -q - 3*q + h. Suppose -2*i = -i, -3*x + 2*i = -102. Calculate the remainder when x is divided by q.
7
Suppose -40 + 4 = 3*y. Let a(x) = -x**3 - 12*x**2 - x + 21. Calculate the remainder when 129 is divided by a(y).
30
Let n(a) = -a**3 + 8*a**2 - 2*a - 5. Calculate the remainder when n(4) is divided by ((-5)/(-3))/(2/24) + -2.
15
Let z = 462 - 423. What is the remainder when 151 is divided by z?
34
Let u = 25 + -18. Suppose 0 = -36*b + 32*b + 48. Suppose b - 120 = -4*s. What is the remainder when s is divided by u?
6
Let o = -8 + 11. What is the remainder when ((-6)/(-10))/((-57)/(-1900)*2) is divided by o?
1
Suppose -4*w + 2*x = -w - 32, 3*w + 3*x = 57. Suppose w*u - 75 = 9*u. Calculate the remainder when 42 is divided by u.
12
Calculate the remainder when 153 is divided by (-2 - (-304)/20)/((-24)/(-80)).
21
Suppose -280 = 3*u - 17*u. Calculate the remainder when 297 is divided by u.
17
Suppose 0 = -n - 2*n + 12, 2*v - n = 226. What is the remainder when v is divided by 426/14 - (-4)/((-112)/12)?
25
Suppose -p + 43 = 1. What is the remainder when 30*(33/33 - 5/(-3)) is divided by p?
38
Let o(q) = 39*q - 7. Let v(r) = -19*r + 3. Suppose c - 8*c = 63. Let d(y) = c*v(y) - 4*o(y). What is the remainder when d(3) is divided by 16?
14
Suppose 3*z - 82 = -7. Calculate the remainder when 86 is divided by z.
11
Suppose k - 58 = -25. Calculate the remainder when 93 is divided by k.
27
Suppose v + 2*v - 159 = 0. Let x be v/2 + 4/8. Let y = x - -3. Calculate the remainder when y is divided by 11.
8
What is the remainder when (-315)/(-1155) - (588/(-22) + -2) is divided by (-3)/((-3)/11) - 0?
7
Let h = -1554 + 1616. What is the remainder when h is divided by 34?
28
Let b be ((-12)/15)/((-8)/340). Let v = -14 + b. Calculate the remainder when 238 is divided by v.
18
Let b be 3*(-6)/(-2)*1. Let h(w) = -w + 19. Let d be h(b). Suppose 3*q - 57 = -0*l - 3*l, 0 = 5*q - d. Calculate the remainder when 67 is divided by l.
16
Suppose -10 = 4*i - i - 2*p, -25 = -5*p. Suppose o + o - 40 = i. Calculate the remainder when o is divided by 4.
0
Calculate the remainder when (8 + (-114)/18)*90 is divided by 28.
10
Suppose 4947*p - 260 = 4943*p. Calculate the remainder when 148 is divided by p.
18
Let f = 533 + -376. Let k = f + -90. Suppose 3*r + v + k = 8*r, 0 = -4*r + 3*v + 58. What is the remainder when 24 is divided by r?
11
Calculate the remainder when 63 is divided by 101/9 + (-34)/153.
8
Suppose 0 = 2*o - 28 - 10. Suppose 0*v - l - o = -5*v, v + 2*l = -5. What is the remainder when 11 is divided by v?
2
Calculate the remainder when 5/(-45) + 5/((-315)/(-85057)) is divided by 11.
8
Suppose -42*a + 50*a = 1592. Calculate the remainder when a is divided by 67.
65
Suppose -4*v + 4*s + 19 = 3, 4*v - 2*s = 18. What is the remainder when 9 is divided by v?
4
Let k(y) = -y**3 + 8*y**2 - 7*y - 12. Let s be k(6). Suppose -6*l = s - 102. Let c = 114 - 62. What is the remainder when c is divided by l?
10
Suppose 24*c = -41*c + 4810. Calculate the remainder when 517 is divided by c.
73
Let r(u) = -u**2 - 9*u - 9. Let o be r(-3). Suppose 257 = o*w + 41. Calcu